4*c - 4. Let q(k) = -5*k + 6. Let t be q(-2). Let l(x) = -5*x - 44*x**2 - 11 + t*x + 47*x**2. Let m(j) = 8*f(j) - 3*l(j). Determine m(0).
1
Suppose 0 = -2*l + m + 1, 8*l - 5*m + 16 = 5*l. Let i(r) = -6*r - 7 + 4*r + 8*r. What is i(l)?
11
Let k(h) = h**3 - 19*h**2 + 19*h - 29. Suppose -3*b + 45 = 3*r, b = r - 5*r + 69. Calculate k(r).
-11
Let a = -13757 + 13764. Let w(l) = l**3 - 7*l**2 - 8*l + 15. Determine w(a).
-41
Let z(u) = u - 23. Let t(q) = q**3 + q**2 - 8*q - 7. Let b be t(3). Suppose b*x = 3*d + 10, 0 = -2*d + 9*x - 12*x + 6. Give z(d).
-23
Let j(x) = 2*x + 4. Let o be j(-3). Let p(b) be the first derivative of 5*b**2/2 + 2543. Give p(o).
-10
Let x(m) be the first derivative of 4*m**3/3 - 109. Suppose -3*p = h - 4 - 5, p = -2*h + 13. Let o be (-1)/(-4) + h/8. What is x(o)?
4
Let h(j) = -j + 1. Let p(s) = s - 3. Let g(l) = 5*h(l) + p(l). Let c(u) = -3*u + 1. Let w(i) = -3*c(i) + 2*g(i). Suppose -14*q + 9*q = 15. Calculate w(q).
-2
Let t(j) = 519*j**3 - 5*j**2 + 15*j + 11. Let k(y) = 482*y**3 - 4*y**2 + 14*y + 11. Let p(u) = 14*k(u) - 13*t(u). Calculate p(-9).
2
Let i(a) = a**2 - 9*a - 1. Let y be 4248/2596*22/4. Give i(y).
-1
Let w(g) = -2*g**3 + 66*g**2 + 71*g - 101. Let n be w(34). Let f(a) be the first derivative of -2*a**2 + 2*a + 1. Give f(n).
-2
Let b(q) = 3258 - 6504 + q**2 + 3253 + 2*q. Let p(z) = -z - 7. Let u be p(-7). What is b(u)?
7
Let j be 4*(-3)/(-6)*48/224*-7. Let d(t) = -t**2 + 8. Determine d(j).
-1
Let c(g) = -35*g + 212. Let w be 7 + 578/(-85) + (-87)/(-15). What is c(w)?
2
Let a = -4 - -7. Let n(f) = -5*f**2 + 26*f. Let u(p) = -p**2 + 5*p. Let l = 167 - 178. Let o(b) = l*u(b) + 2*n(b). Determine o(a).
0
Let h(r) = r**3 + 65*r**2 - 9*r + 24. Let a(j) = j**3 + 33*j**2 - 5*j + 9. Let t(s) = -5*a(s) + 3*h(s). What is t(15)?
-3
Let n(v) = -v**2 - 6*v - 6. Let d(r) be the second derivative of r**5/20 - r**4/6 - r**3 + 2*r**2 + 34*r. Let m be d(3). Give n(m).
-1
Let t be (-1 - 2/14)*5236/(-2992). Let f(m) = m + 2. Let d(v) = v + 1. Let u(s) = -11*d(s) + 6*f(s). Let q(a) = a. Let b(r) = -9*q(r) - 2*u(r). What is b(t)?
0
Let b(r) = r**2 - 7*r - 13. Suppose 30*m = 35*m - 35. What is b(m)?
-13
Let v(l) be the second derivative of -5*l**3/6 - 43*l**2/2 + 62*l - 1. Determine v(-9).
2
Let r(f) = -36*f**2 - 128*f - 41*f**2 + 78*f**2 + 135*f + 3. Calculate r(-5).
-7
Let q(l) = 3*l**3 + 5*l**2 + 85*l + 35. Let d(k) = k**3 + 42*k + 18. Let p(z) = -5*d(z) + 2*q(z). Calculate p(-13).
-7
Let f(i) = -5*i - 34. Suppose -4*b = 8*r - 16, -53*b + 57*b + 2*r + 20 = 0. Determine f(b).
6
Let p(s) = -2*s**3 - s**2 - 2*s + 7. Suppose -272*y = -282*y + 30. What is p(y)?
-62
Let r(p) be the second derivative of -24 - p - 3*p**2 + 1/6*p**3. What is r(11)?
5
Let i(s) = -9*s - 56. Let b(l) = l. Let k(j) = b(j) + i(j). Let z be k(-8). Let g(y) = -y + 4*y - y**2 - 10 - 2*y + 8*y. Give g(z).
-2
Let r(g) be the first derivative of g**3/3 + 3*g**2 - 11*g + 7. Suppose -245 + 1590 = 5*v. Let n = v + -277. Give r(n).
5
Suppose -3786 + 4416 = -30*v. Let m(j) = j**2 + 22*j + 47. Give m(v).
26
Let j(z) = 3*z - 16. Suppose 3 = -180*a - 897. Determine j(a).
-31
Let n(i) = -i**2 + i**3 + i + 0*i**2 + 7*i**2. Let h(g) = g**3 - 6*g**2 + 2*g + 9. Let y = 70 - 65. Let a be h(y). Determine n(a).
-6
Let s(w) = w + 2*w + 300 - 283 - 2*w. Let d be 72/192 + (-6)/16. Calculate s(d).
17
Suppose -4*y - 8 = -48. Suppose -k + 3*k = y. Suppose -x + 0*x + k*i = 26, -2*x + 23 = 5*i. Let s(p) = 2*p**3 - p**2 - p - 1. Give s(x).
-3
Let d = -14 - -19. Let w(h) = -h + 6. Let j be w(d). Suppose -j = c + 3*z + z, -z = -5*c + 16. Let n(v) = -5*v - 4. What is n(c)?
-19
Let c(s) = 3 + 6*s**2 - 3. Suppose 0 = 7*b - 4*a + 19, -5*b = 12*a - 15*a + 14. What is c(b)?
6
Let r(g) be the third derivative of g**7/840 - 7*g**6/360 - g**5/15 - g**4/24 - 32*g**3/3 - 56*g**2. Let u(i) be the first derivative of r(i). Give u(8).
-1
Let q(h) = h**3 - 11*h**2 + 10*h - 13. Let x = -798 - -1610. Let f = -802 + x. What is q(f)?
-13
Let r(h) be the second derivative of h**5/20 + 7*h**4/6 - h**3/3 + 19*h**2/2 - 69*h + 3. What is r(-14)?
47
Let z(y) be the third derivative of -1/120*y**6 + 0*y - 10*y**2 - 1/2*y**3 + 0 + 1/24*y**4 - 1/60*y**5. Suppose 7*j = 2*j - 15. Determine z(j).
12
Let a(m) = -2 - 3 + 4 + 7*m. Suppose 5*c = 4*t - 2, 0 = t - c - 3*c - 6. Calculate a(t).
-15
Let p(u) = -7*u - 1. Suppose 857 = -4*a - y - 156, 5*y = 3*a + 731. Let r be (-2)/14 + a/(-49). Let j(v) = v**2 - 6*v + 6. Let x be j(r). Determine p(x).
-8
Let z(s) = 6 + 8*s + 0*s - 10*s + 0*s. Let h be z(3). Let n(i) = -8 - 4 - 2 - 9*i + i**2 + h. Determine n(11).
8
Let b(c) = -c**2 - 32*c + 71. Let y be b(-34). Let v(i) = -1 + 0 - 2 - y*i**2 + 2. What is v(1)?
-4
Let b(s) = 121*s + 194. Let z(c) = 72*c + 96. Let y(h) = -3*b(h) + 5*z(h). Calculate y(-30).
-12
Suppose 263 = -19*b + 73 - 95. Let o(r) = r**2 + 14*r - 6. Give o(b).
9
Let y = 490 + -487. Let k(m) = 395 + 3*m**3 + 0*m**y - 397 + 2*m. Determine k(2).
26
Let u(s) = 2*s**2 - 18*s + 18. Let i be u(8). Let t(q) = -10*q**i + 1 - 9*q - 24*q + 32*q. Determine t(1).
-10
Suppose 17 = -4*j - s, -3*s + 16 = -j + 2. Let w(d) be the second derivative of 2*d**3/3 + 8*d**2 - 2*d + 1733. Determine w(j).
-4
Let l(f) = f**2 + 11*f - 2. Let j(u) = 2*u**2 + 23*u - 5. Let n(v) = -6*j(v) + 13*l(v). Let m be (9*20/60)/(-1). What is n(m)?
-2
Suppose -3*f - 123 - 24 = 3*c, 2*f + 204 = -4*c. Let u be c/9 + (-3)/27. Let s(g) be the second derivative of g**5/20 + g**4/2 - 3*g**2 + 51*g. Calculate s(u).
-6
Let a(g) = g**3 + 992 - 8*g - 520 - 480 - 6*g**2. Calculate a(7).
-15
Let w(k) be the second derivative of 31*k**4/12 - k**3 - 5*k**2/2 - 8*k + 224. What is w(-1)?
32
Let m(x) = -5*x**2 - 51*x - 172. Let c(b) = b**2 + 10*b + 32. Let k(h) = 11*c(h) + 2*m(h). Let s = -15 - -9. Determine k(s).
-4
Let s(y) = 12*y**2 + 120*y + 5. Let w be s(-10). Let o(d) = -d**3 + w*d**2 - 4*d - 14 - 20*d**2 + 3*d. Calculate o(-15).
1
Let u(y) = 2*y. Let p be (468/(-195))/(0 - (-6)/140). Let s be (8 - 0) + p/(-56). Determine u(s).
18
Suppose 2*u = 5*v - 221, -164 = -3*v - 4*u - 47. Let j(p) = p**3 - 43*p**2 - 2*p + 93. What is j(v)?
7
Let i(q) = q**2 + 11*q + 5. Suppose 16*j + 2804 = 4. Let o = -183 - j. Give i(o).
-19
Let a = -4 + -1. Let o(n) = 4*n. Let c(v) = 13*v - 12. Let f(r) = -c(r) + 4*o(r). Determine f(a).
-3
Let c be -5*1*(-2 + 1). Let k be 14 - 14 - 6/(-2). Let o(j) = 2*j - 2. Let t(p) = -3*p. Let x(i) = k*o(i) + t(i). Give x(c).
9
Let l(b) be the second derivative of -b**4/12 + 2*b**3/3 - 3*b**2/2 - 27*b + 2. Determine l(3).
0
Suppose 5*j + 0*j + 3*o + 60 = 0, -4*j + 5*o - 11 = 0. Let a(b) = 6*b**2 + 19*b + 6. Let t(c) = c**2 - 2. Let i(v) = a(v) - 4*t(v). Calculate i(j).
5
Suppose 7*s - 4*o - 18 = 2*s, 0 = -4*s - 4*o + 36. Suppose s*k - 14 = 13*k. Let u(x) = -x**2 + 3*x + 3. Give u(k).
-7
Let h(u) be the first derivative of u**2/2 - 9*u + 926. Give h(-17).
-26
Let l = 212 - 207. Suppose -l*b + 22 = 12. Let o(q) = q**2 - q - 1. Determine o(b).
1
Let l(w) = -w**2 - 4*w + 7. Suppose -17*b = x - 12*b - 10, -2 = -b. Suppose -3*n + 119 = 2*n - 3*y, -y + 52 = 2*n. Suppose 9*c - 4*c + n = x. What is l(c)?
2
Let o = -15 + 23. Let j(m) be the third derivative of -m**4/8 + m**3/3 - 2241*m**2 - 1. Determine j(o).
-22
Suppose 0 = -49*l + 77*l - 48*l + 20. Let b(o) = -18*o**3 + o**2 - 3*o + 1. Determine b(l).
-19
Let q(k) be the second derivative of -37*k**4/12 + k**3/2 + 3*k**2/2 - 18*k - 9. Give q(-1).
-37
Let o(a) be the second derivative of 8*a**3/3 - 21*a**2/2 + 2*a - 67. What is o(8)?
107
Let r(p) = -38*p**3 + 66312 - 2*p - 66295 + 37*p**3 + 4*p**2. Determine r(6).
-67
Let s(y) be the second derivative of 7*y + 5 - 5/2*y**2 + 1/3*y**3 - 1/20*y**5 + 2/3*y**4. Give s(8).
11
Let w(y) = -233*y - 7 + 0*y**3 + y**3 + 464*y - 237*y + 6*y**2. Let j(f) = f + 2. Let q be j(3). Suppose -q*t + 0*t = 35. Determine w(t).
-14
Let o(y) = -y**2 + 4*y + 8. Let z(k) = -k**2 + 54*k - 718. Let v be z(29). What is o(v)?
-13
Suppose 0 = -153*u + 1310 - 1157. Let d(v) = 16*v**3 + 3*v**2 - 2*v + 1. Give d(u).
18
Let q(r) = 7*r**2 - 20*r - 76. Let a(p) = -2*p**2 + 5. Let k(x) = -4*a(x) - q(x). What is k(-17)?
5
Let j(y) = -13*y**3 + 73*y**2 - 148*y - 51. Let c(n) = 3*n**3 - 18*n**2 + 37*n + 13. Let q(h) = -9*c(h) - 2*j(h). Give q(13).
11
Let